{"id":257,"date":"2025-07-26T12:07:01","date_gmt":"2025-07-26T10:07:01","guid":{"rendered":"https:\/\/skwerne.uber.space\/?page_id=257"},"modified":"2026-02-14T11:26:38","modified_gmt":"2026-02-14T10:26:38","slug":"ueber-uns","status":"publish","type":"page","link":"https:\/\/skwerne.de\/?page_id=257","title":{"rendered":"\u00dcber uns"},"content":{"rendered":"\n<p class=\"wp-block-paragraph\"><strong>Schach macht Spa\u00df beim SK Werne 72!<\/strong><br>Unter diesem Motto begr\u00fc\u00dft der Schachklub Werne 72 alle Schachbegeisterten \u2013 vom neugierigen Anf\u00e4nger bis zum erfahrenen Turnierspieler. Unser Verein verbindet Leidenschaft f\u00fcr das k\u00f6nigliche Spiel mit einem starken Gemeinschaftsgef\u00fchl und abwechslungsreichen Angeboten f\u00fcr Gro\u00df und Klein.<\/p>\n\n\n\n<h3 class=\"wp-block-heading\">F\u00fcr alle Spielst\u00e4rken das passende Angebot<\/h3>\n\n\n\n<p class=\"wp-block-paragraph\">Im SK Werne 72 ist jeder willkommen. Wir bieten:<\/p>\n\n\n\n<ul class=\"wp-block-list\">\n<li><strong>Drei Mannschaften<\/strong>, die in unterschiedlichen Ligen aktiv sind \u2013 ideal f\u00fcr Spieler jeder Spielst\u00e4rke.<\/li>\n\n\n\n<li><strong>Regelm\u00e4\u00dfige Trainingsabende<\/strong>:\n<ul class=\"wp-block-list\">\n<li>F\u00fcr <strong>Erwachsene und Senioren<\/strong>: ein geselliger Abend mit taktischen Knobeleien, Partieanalysen und Turnierpartien.<\/li>\n\n\n\n<li>F\u00fcr <strong>Kinder und Jugendliche<\/strong>: altersgerechtes Training durch erfahrene Spieler mit viel Spa\u00df, Lernfortschritt und Turnierpraxis.<\/li>\n<\/ul>\n<\/li>\n\n\n\n<li><strong>Vielf\u00e4ltiges Turnierprogramm<\/strong> im Vereinsrahmen \u2013 von Blitzturnieren bis zu Vereinsmeisterschaften.<\/li>\n\n\n\n<li><strong>Online-Spielabende<\/strong>: Auch au\u00dferhalb des Vereinsheims bleiben wir in Kontakt und messen uns auf digitalen Schachbrettern.<\/li>\n\n\n\n<li><strong>Gemeinsame Fahrten zu externen Turnieren<\/strong> in der Region \u2013 Schach erleben, neue Leute kennenlernen und gemeinsam wachsen.<\/li>\n<\/ul>\n\n\n\n<h3 class=\"wp-block-heading\">Ein Ort f\u00fcr Gemeinschaft und Entwicklung<\/h3>\n\n\n\n<p class=\"wp-block-paragraph\">Der SK Werne 72 ist mehr als nur ein Ort zum Spielen. Wir f\u00f6rdern Talente, begleiten Neulinge bei ihren ersten Schritten im Schach und bieten eine freundliche Umgebung, in der sich jeder willkommen f\u00fchlt. Besonders stolz sind wir auf unsere engagierte Nachwuchsarbeit: Wer fr\u00fch mit Schach anf\u00e4ngt, lernt mehr als nur Spielz\u00fcge \u2013 Konzentration, Fairness und strategisches Denken.<\/p>\n\n\n\n<hr class=\"wp-block-separator has-alpha-channel-opacity\"\/>\n\n\n\n<p class=\"wp-block-paragraph\"><strong>Haben wir dein Interesse geweckt?<\/strong><br><a href=\"\/?page_id=53\" data-type=\"page\" data-id=\"53\">Dann komm einfach vorbei<\/a> und mach mit \u2013 egal ob zur ersten Schnupperpartie oder gleich mit dem Ziel, Teil unserer Teams zu werden. Wir freuen uns auf dich!<\/p>\n\n\n\n<p class=\"wp-block-paragraph\">Unser Vereinsabend findet im<\/p>\n\n\n\n<p class=\"wp-block-paragraph\"><a href=\"https:\/\/skwerne.de\/?page_id=72\"><strong>Martin-Luther-Zentrum<\/strong>,&nbsp;<strong>Wichernstra\u00dfe 4, 59368 Werne<\/strong><\/a><br>(Kurt-Schumacher-Parkplatz) statt.<\/p>\n\n\n\n<p class=\"wp-block-paragraph\"><strong>Trainingszeit f\u00fcr Sch\u00fcler und Jugendliche:<\/strong>  Mittwochs &#8211; 17:00 Uhr &#8211; 18:30 Uhr<\/p>\n\n\n\n<p class=\"wp-block-paragraph\"><strong>Spielabend f\u00fcr Erwachsene \/ Senioren:<\/strong>   Mittwochs &#8211; ab 19:00 Uhr bis ca. 22:00 Uhr<\/p>\n\n\n\n<figure class=\"wp-block-video\"><video height=\"540\" style=\"aspect-ratio: 960 \/ 540;\" width=\"960\" controls src=\"https:\/\/skwerne.de\/wp-content\/uploads\/2025\/08\/Schach-In-Werne-540p30.mov\"><\/video><\/figure>\n","protected":false},"excerpt":{"rendered":"<p>Schach macht Spa\u00df beim SK Werne 72!Unter diesem Motto begr\u00fc\u00dft der Schachklub Werne 72 alle Schachbegeisterten \u2013 vom neugierigen Anf\u00e4nger bis zum erfahrenen Turnierspieler. Unser Verein verbindet Leidenschaft f\u00fcr das k\u00f6nigliche Spiel mit einem starken Gemeinschaftsgef\u00fchl und abwechslungsreichen Angeboten f\u00fcr Gro\u00df und Klein. F\u00fcr alle Spielst\u00e4rken das passende Angebot Im SK Werne 72 ist jeder [&hellip;]<\/p>\n","protected":false},"author":1,"featured_media":0,"parent":0,"menu_order":0,"comment_status":"closed","ping_status":"closed","template":"","meta":{"_crdt_document":"","footnotes":""},"class_list":["post-257","page","type-page","status-publish","hentry"],"_links":{"self":[{"href":"https:\/\/skwerne.de\/index.php?rest_route=\/wp\/v2\/pages\/257","targetHints":{"allow":["GET"]}}],"collection":[{"href":"https:\/\/skwerne.de\/index.php?rest_route=\/wp\/v2\/pages"}],"about":[{"href":"https:\/\/skwerne.de\/index.php?rest_route=\/wp\/v2\/types\/page"}],"author":[{"embeddable":true,"href":"https:\/\/skwerne.de\/index.php?rest_route=\/wp\/v2\/users\/1"}],"replies":[{"embeddable":true,"href":"https:\/\/skwerne.de\/index.php?rest_route=%2Fwp%2Fv2%2Fcomments&post=257"}],"version-history":[{"count":5,"href":"https:\/\/skwerne.de\/index.php?rest_route=\/wp\/v2\/pages\/257\/revisions"}],"predecessor-version":[{"id":1830,"href":"https:\/\/skwerne.de\/index.php?rest_route=\/wp\/v2\/pages\/257\/revisions\/1830"}],"wp:attachment":[{"href":"https:\/\/skwerne.de\/index.php?rest_route=%2Fwp%2Fv2%2Fmedia&parent=257"}],"curies":[{"name":"wp","href":"https:\/\/api.w.org\/{rel}","templated":true}]}}