{"id":171,"date":"2025-07-23T12:41:48","date_gmt":"2025-07-23T10:41:48","guid":{"rendered":"https:\/\/skwerne.uber.space\/?page_id=171"},"modified":"2025-08-27T08:42:49","modified_gmt":"2025-08-27T06:42:49","slug":"kontakt","status":"publish","type":"page","link":"https:\/\/skwerne.de\/?page_id=171","title":{"rendered":"Kontakt"},"content":{"rendered":"\n<p class=\"wp-block-paragraph\"><strong>Sie m\u00f6chten mit uns Kontakt aufnehmen?<\/strong><br><br>Wir freuen uns \u00fcber Ihre Nachricht! Egal ob Sie Fragen zu unserer Arbeit haben, sich f\u00fcr eine Mitgliedschaft interessieren oder uns einfach Feedback geben m\u00f6chten \u2013 hier finden Sie die passenden Ansprechpartner.<\/p>\n\n\n\n<div class=\"wp-block-columns is-layout-flex wp-container-core-columns-is-layout-3a88641f wp-block-columns-is-layout-flex\">\n<div class=\"wp-block-column is-layout-flow wp-block-column-is-layout-flow\">\n<p class=\"wp-block-paragraph\"><strong>1. Vorsitzender<\/strong><br>Ferdinand Schlierkamp<br>(02389) 45429<br><a href=\"mailto:schlierkamp@hotmail.de\">vorsitzender@skwerne.de<\/a><\/p>\n\n\n\n<ol class=\"wp-block-list\"><\/ol>\n<\/div>\n\n\n\n<div class=\"wp-block-column is-layout-flow wp-block-column-is-layout-flow\">\n<p class=\"wp-block-paragraph\"><strong>\u00d6ffentlichkeitsarbeit<\/strong><br>Carsten Meya<br><a href=\"mailto:CM.SKWerne@gmail.com\">pressewart@skwerne.de<\/a><\/p>\n<\/div>\n<\/div>\n\n\n\n<p class=\"wp-block-paragraph\"><\/p>\n\n\n\n<p class=\"wp-block-paragraph\"><\/p>\n\n\n\n<p class=\"wp-block-paragraph\"><\/p>\n\n\n\n<p class=\"wp-block-paragraph\"><\/p>\n","protected":false},"excerpt":{"rendered":"<p>Sie m\u00f6chten mit uns Kontakt aufnehmen? Wir freuen uns \u00fcber Ihre Nachricht! Egal ob Sie Fragen zu unserer Arbeit haben, sich f\u00fcr eine Mitgliedschaft interessieren oder uns einfach Feedback geben m\u00f6chten \u2013 hier finden Sie die passenden Ansprechpartner. 1. VorsitzenderFerdinand Schlierkamp(02389) 45429vorsitzender@skwerne.de \u00d6ffentlichkeitsarbeitCarsten Meyapressewart@skwerne.de<\/p>\n","protected":false},"author":1,"featured_media":0,"parent":0,"menu_order":0,"comment_status":"closed","ping_status":"closed","template":"","meta":{"_crdt_document":"","footnotes":""},"class_list":["post-171","page","type-page","status-publish","hentry"],"_links":{"self":[{"href":"https:\/\/skwerne.de\/index.php?rest_route=\/wp\/v2\/pages\/171","targetHints":{"allow":["GET"]}}],"collection":[{"href":"https:\/\/skwerne.de\/index.php?rest_route=\/wp\/v2\/pages"}],"about":[{"href":"https:\/\/skwerne.de\/index.php?rest_route=\/wp\/v2\/types\/page"}],"author":[{"embeddable":true,"href":"https:\/\/skwerne.de\/index.php?rest_route=\/wp\/v2\/users\/1"}],"replies":[{"embeddable":true,"href":"https:\/\/skwerne.de\/index.php?rest_route=%2Fwp%2Fv2%2Fcomments&post=171"}],"version-history":[{"count":3,"href":"https:\/\/skwerne.de\/index.php?rest_route=\/wp\/v2\/pages\/171\/revisions"}],"predecessor-version":[{"id":860,"href":"https:\/\/skwerne.de\/index.php?rest_route=\/wp\/v2\/pages\/171\/revisions\/860"}],"wp:attachment":[{"href":"https:\/\/skwerne.de\/index.php?rest_route=%2Fwp%2Fv2%2Fmedia&parent=171"}],"curies":[{"name":"wp","href":"https:\/\/api.w.org\/{rel}","templated":true}]}}